 g(k).
-16
Let s(o) = -13*o**2 - 2*o + 25*o**2 - 11*o**2 - 5*o + 1 + 2*o. Determine s(2).
-5
Let o(i) be the third derivative of i**5/20 - i**4/24 - i**3/2 + i**2 + 9. Let d(c) = -c**2 - c - 1. Let y(b) = -d(b) - o(b). Determine y(3).
-8
Let c(t) = 4*t**2 - 2*t - 1. Let f be -2 - (1 - 1)/(-4). Let m be (26/(-4))/((-1)/f). Let w(o) = o**2 + 12*o - 14. Let z be w(m). Determine c(z).
5
Suppose 2*x - 20 = -m, -3*m + x = 2*x - 65. Let l = m - 17. Let q be 0 - -4*l/10. Let c(h) = h + 1. Give c(q).
3
Suppose -3*d - 6 = o, 0*o + 2*o - 15 = 3*d. Let p(b) be the first derivative of -2*b**3/3 - 5*b**2/2 - 2*b + 74. What is p(d)?
-5
Let w(v) = v**3 - v**2 + 0*v**3 - 2*v**2 + 2*v - 5. Suppose -66*i + 748 = 119*i + 2*i. What is w(i)?
19
Let y(w) = w**3 - 2*w**2 + w - 1. Let m(r) = r**2 + 1. Let z(k) = -2*m(k) + y(k). Give z(4).
1
Let q(x) be the first derivative of 1/3*x**3 - 4*x + 3/2*x**2 + 2. Let m = 1017 - 1022. Determine q(m).
6
Suppose -3*o = 12*o + 3390. Let g = -227 - o. Let i(d) = -2 + 1 - 2*d - 9*d**3 - 7*d**3. Calculate i(g).
17
Let c(w) = -2*w**3 - 2*w**2 + 17*w + 4. Let r(t) = -t**3 + 2*t**2 + 4*t - 1. Let z(u) = -c(u) + 3*r(u). Give z(6).
35
Let d = -90 - -94. Suppose -d*s + 24 = 4*h, 3*h + s = 12 + 8. Let k(q) = -q + 9. Give k(h).
2
Let o(i) = i**3 + 12*i**2 + 12*i + 5. Suppose -15*t + 984 + 336 = 0. Suppose 26*q + t = 18*q. Determine o(q).
-6
Let s be 30*((-53)/(-40) + 11/(-88)). Let t be s/6 - (-1 + 0). Let a(z) = z - 2. Give a(t).
5
Let d(w) = -5*w + 33. Suppose -u + 33 = 38*z - 34*z, 21 = 4*z + 5*u. Determine d(z).
-12
Let y(a) = a**3 - 11*a**2 + a - 15. Suppose 2*i + 390 = 5*h, -3*i = 2*h + 2*i - 156. Suppose -9*z + h = -21. What is y(z)?
-4
Let l(r) = r**2 - 4*r + 6. Let n be l(0). Let j(f) = 13*f + 6. Let i(a) = 7*a + 4. Let s(t) = n*j(t) - 11*i(t). Determine s(11).
3
Let n(v) = 2*v**3 - 43*v**2 + 22*v - 20. Let s(q) = q**3 - 10*q**2 + 23*q + 7. Let k be s(7). Determine n(k).
1
Let i(s) = 3*s + 3 - s**3 + 225267*s**2 - 225277*s**2 + 2*s + 3*s. What is i(-10)?
-77
Let u(p) = -11*p**2 + p. Let b(h) = -50*h**2 + 4*h + 1. Let j(k) = b(k) - 4*u(k). Let d = 0 + -1. Give j(d).
-5
Let r(d) = -15 + 6 + d + 7. Let j = 8742 - 8732. Calculate r(j).
8
Let u(f) = 2*f - 12. Suppose -3*z + 3 = -3*s + 2*z, 4 = -4*s + z. Let x(w) be the third derivative of -w**4/3 - 3*w**2 + 14*w. Let n be x(s). What is u(n)?
4
Let v(r) be the third derivative of 0*r + 1/60*r**5 + 0 - 40*r**2 + 7/6*r**3 - 5/24*r**4. Calculate v(6).
13
Let r(f) = -2*f + 1. Let t(w) = -w**2 - 45*w + 51. Let g be t(-46). Let q be 0 + g/((-20)/(-4)). What is r(q)?
-1
Let l(u) = -9674*u**3 - 18*u**2 + 19360*u**3 - 9687*u**3 - 4*u - 77. Give l(-18).
-5
Let c(j) = -j**2 + 5*j + 7. Let v be c(7). Let b(u) be the first derivative of u**3/3 + 2*u**2 - 21*u - 8504. Determine b(v).
0
Let l(y) = -y**2 + 8*y - 2. Let t(i) = i**2 - 7*i + 2. Let s(r) = -2*l(r) - 3*t(r). Suppose -b + 4*h + 62 = 91, -2*b = 7*h - 62. Calculate s(b).
4
Let k(a) = -4*a + 4. Suppose -7*y - 83 = -104. Suppose 3*i = -2*n - 26, y*i + 2*i + 3*n = -42. Calculate k(i).
28
Let i = -56 - -60. Suppose u - 7 = o, -i*u + 8 + 8 = -2*o. Let f(v) = v**3 + 5*v**2 - 9*v - 7. Give f(o).
11
Suppose -2*l - 3*l = -2*v - 20, -2*l - 3*v + 27 = 0. Let g(b) = b**3 - 5*b**2 - 6*b - 1. Give g(l).
-1
Let a(p) = -47*p - 29 - 48*p - 12 + 128*p - 38*p. Calculate a(-12).
19
Let i be (20/8)/((-3)/(-6)). Suppose 0 = 5*m + i, 3*l + 0*l = -4*m + 17. Let y(q) = 5*q**2 - 2 + l*q + 0 - 2 - 6*q**2. Give y(6).
2
Let q = 6915 + -6908. Let c(f) = -f**2 + 23*f - 118. Calculate c(q).
-6
Let h(p) = -9*p - 1. Suppose -g - v = -5*v - 15, 3*g - 24 = 5*v. Suppose -g*y = -417 + 60. Let a be ((-1)/3)/(y/(-21) + 6). Determine h(a).
8
Suppose 5*p + 10 = 0, -4*q + 24 - 46 = 5*p. Let l(j) = -3*j**3 - 4*j**2 - 6*j - 5. Calculate l(q).
58
Let d be (-53)/(-795) + (-208)/(-30). Let g(w) = -5*w**2 + 34*w + 4. Determine g(d).
-3
Let x = -6 + 9. Let o be (4 + -1)/(x/(-52)). Let n = o - -61. Let c(d) = d - 3. Determine c(n).
6
Let h = 19272 + -19315. Let l(w) = w**3 + 44*w**2 + 43*w + 10. Give l(h).
10
Let q(x) = -10*x - 14. Suppose 0 = 5*z - g - 37, -252 = -3*z - 2*g - 248. Determine q(z).
-74
Let k(h) = 10*h**2 - h - 1. Suppose a + 4 = 4*l, -2*a - 2*a + 26 = 5*l. Suppose 0 = -2*u + 6*u - 5*q - 6, 0 = a*u - 2*q. Give k(u).
10
Let t be (99/165)/(1/(-10)*1). Let v(q) = 152*q**2 - 11*q + 65. Let k(s) = -51*s**2 + 4*s - 23. Let z(f) = t*v(f) - 17*k(f). Determine z(1).
-46
Let w(x) be the first derivative of -x**3/3 - 7*x**2/2 - 10*x + 325. Calculate w(-6).
-4
Let i(d) = -d - 3. Suppose 127 = -41*q - 734. Give i(q).
18
Let h(g) be the second derivative of 0 - 1/60*g**5 + 1/24*g**4 + 0*g**3 - 18*g - 1/120*g**6 + 7/2*g**2. Let v(t) be the first derivative of h(t). What is v(1)?
-1
Let f(n) be the second derivative of n**5/20 + 5*n**4/12 - n**3 + 6*n**2 + 2*n + 470. What is f(-7)?
-44
Let x(m) = -2*m**2 - 27*m + m**2 - 9 + 25*m + 2*m**2. Suppose 0 = -22*w - 94 + 28. Give x(w).
6
Let g(v) = -v**3 - 3*v**2 + 3*v + 5. Let x = 17 - 22. Let t(q) = -q**2 - 6*q - 9. Let n be t(x). What is g(n)?
9
Suppose -2*l - 4*b + 12 = -2*b, -24 = -4*l - 2*b. Let i be 11/3 - l/9. Let n(q) = 564*q**2 - 3 + 12*q - 7*q - 566*q**2. What is n(i)?
-6
Let y(n) = n**2 + 15*n + 3. Let f(g) = g**3 + 14*g**2 - 30*g + 24. Let a be f(-16). Calculate y(a).
-53
Let a(g) = g**2 - 3*g - 1. Suppose -5*x - 12 = -3*x. Let y = 665 - 661. Let s = x + y. What is a(s)?
9
Let i(a) = 2*a. Let w be 33 + 35/5 + -3 + -1. Suppose -37*f + w*f = 3. Give i(f).
-6
Let z(j) = 52*j**3 - 7 - 160*j**3 - 9*j**2 + 56*j**3 + 7*j - 4 + 53*j**3. What is z(9)?
52
Let v(r) = r**2 - 11*r - 18. Suppose -623 = 10*x + 6317. Let c = x + 707. Determine v(c).
8
Let c(k) = 5*k. Suppose -5*y + 4*y = 5*x + 37, -2*x + 4*y - 6 = 0. Let z(s) = -s**3 - 8*s**2 - 7*s + 1. Let r be z(x). What is c(r)?
5
Let n(v) = 7*v + 12. Let o(y) = 4*y + 6. Let r(x) = 3*n(x) - 5*o(x). Let p(l) = 76*l + 1666. Let s be p(-22). Give r(s).
0
Let b(t) = 3*t + 14. Let z(m) = 7*m - 34. Let s be z(2). Let g(u) = -u**3 - 19*u**2 + 20*u - 6. Let n be g(s). Give b(n).
-4
Suppose -j = 480*x - 483*x - 9, 3*j - 3*x - 15 = 0. Let g(d) = -2*d**3 + 6*d - 4. What is g(j)?
-40
Let y(a) = -a + 2. Let x be y(-7). Let p be -1 - ((-34)/12 + (-4)/(29 + -5)). Let z(t) = 10 - p*t - 23 + 10 + x. Give z(9).
-12
Suppose 0 = 91*k - 338 - 26. Let x(o) = -o + 13. Let m be x(10). Let w(d) = -3 - 5 + 2 + 2*d + 2 + d**m - 5*d**2. Give w(k).
-12
Suppose 3*b + 6 = 0, 0*b - 18 = -2*p + 2*b. Suppose 3*c = -8 - p. Let o(x) = 39*x - 62*x + 20*x - x**2 - 4. Determine o(c).
-14
Let k(q) = q**3 - 18*q**2 + 19*q - 38. Let s(r) = -5*r**2 + 486*r + 409. Let c be s(98). Determine k(c).
-4
Let u(t) = -5*t - 17*t**2 - 5*t - 6 + 2*t + 16*t**2. Suppose -80 = 4*w + 5*f, 0*w + 3*w + 2*f + 60 = 0. Let z be 2/(((-48)/w)/(-6)). What is u(z)?
9
Let k(y) = -2*y**2 + 5*y + 12. Let g be k(4). Suppose 7*a - 12*a + 10 = g, 0 = c + 4*a - 11. Let f(w) = -2*w + 3 + 2*w - 4*w. Calculate f(c).
-9
Let p = -53 - -66. Suppose p*r + 24 = 9*r. Let x(d) = 3*d + 17. Determine x(r).
-1
Let b(o) = -o**2 - 6*o - 4. Let u(m) = 3*m**2 + 12*m + 9. Let f be (0 + 6)/((-15)/(-5)). Let q(y) = f*u(y) + 5*b(y). Calculate q(7).
5
Let s(m) be the third derivative of m**5/60 + 25*m**4/24 + 65*m**3/6 - 3196*m**2. Give s(-22).
-1
Let o be (-40 + 1)*(-20 + 19). Suppose 0*q - o = -3*q. Let s(h) = -3 + 2*h + q - 8. Give s(-5).
-8
Let y = -1165 + 683. Let q = y - -476. Let m(r) = -r**2 - 6*r - 6. Give m(q).
-6
Let u(g) = 7*g**3 - 9*g**2 + 3*g - 3. Let h(y) = -15*y**3 + 19*y**2 - 6*y + 6. Let o(m) = 6*h(m) + 13*u(m). Let d be ((-8)/12)/(7 - (-65)/(-9)). Calculate o(d).
6
Suppose -3*s + 6 = -f, -2*s + 4 = -f - 0*s. Suppose 2*r + 5*m + 7 = -5, f = -2*r - 2*m. Let v(y) = -4904086*y + y**3 - 3 + 4904086*y - 5*y**2. Calculate v(r).
-19
Let t(i) = -5*i**3 + 14*i**2 + 7*i + 12. Let f(v) = -7*v**3 + 17*v**2 + 8*v + 3. Let w(g) = 2*f(g) - 3*t(g). Calculate w(9).
6
Let y(i) = -i**3 + 8*i**2 - 7*i - 10. Let g = 18 + -7. Suppose -g*m - 14 = -12*m. Suppose -m = -5*j + 3*j. What is y(j)?
-10
Suppose -46*q = 4*w - 42*q + 12, 5*w = 2*q + 13. Let z = -1 - -2. Let u be (1 + w)*z*(-2)/(-1). Let d(x) = -x**2 + 6*x - 3. What is d(u)?
5
Suppose -l = -1517 + 1511. Let s(b) = -2*b + 9. What is s(l)?
-3